{"id":874,"date":"2020-07-15T18:26:57","date_gmt":"2020-07-15T18:26:57","guid":{"rendered":"http:\/\/raichlegal.com\/ctv-entrevue-avec-robert-raich\/"},"modified":"2020-07-20T14:08:28","modified_gmt":"2020-07-20T14:08:28","slug":"ctv-entrevue-avec-robert-raich","status":"publish","type":"page","link":"http:\/\/raichlegal.com\/fr\/ctv-entrevue-avec-robert-raich\/","title":{"rendered":"CTV &#8211; Entrevue avec Robert Raich"},"content":{"rendered":"<p>[et_pb_section fb_built=\u00a0\u00bb1&Prime; _builder_version=\u00a0\u00bb4.5.0&Prime; _module_preset=\u00a0\u00bbdefault\u00a0\u00bb][et_pb_row _builder_version=\u00a0\u00bb4.5.0&Prime; _module_preset=\u00a0\u00bbdefault\u00a0\u00bb custom_margin=\u00a0\u00bb|auto|-3px|auto||\u00a0\u00bb][et_pb_column type=\u00a0\u00bb4_4&Prime; _builder_version=\u00a0\u00bb4.5.0&Prime; _module_preset=\u00a0\u00bbdefault\u00a0\u00bb][et_pb_text admin_label=\u00a0\u00bbTitre &#8211; services\u00a0\u00bb module_class=\u00a0\u00bbrow-title\u00a0\u00bb _builder_version=\u00a0\u00bb4.5.0&Prime; header_font=\u00a0\u00bb|600||on|||||\u00a0\u00bb header_text_align=\u00a0\u00bbcenter\u00a0\u00bb header_text_color=\u00a0\u00bb#092e73&Prime; header_font_size=\u00a0\u00bb60px\u00a0\u00bb header_2_font=\u00a0\u00bb|600|||||||\u00a0\u00bb header_2_text_align=\u00a0\u00bbcenter\u00a0\u00bb header_2_text_color=\u00a0\u00bb#051a40&Prime; header_2_font_size=\u00a0\u00bb40px\u00a0\u00bb min_height=\u00a0\u00bb63px\u00a0\u00bb custom_padding=\u00a0\u00bb||2px|||\u00a0\u00bb]<\/p>\n<h2>CTV &#8211; Entrevue sur le d\u00e9ficit budg\u00e9taire (anglais seulement)<\/h2>\n<p>[\/et_pb_text][\/et_pb_column][\/et_pb_row][\/et_pb_section][et_pb_section fb_built=\u00a0\u00bb1&Prime; _builder_version=\u00a0\u00bb4.5.0&Prime; _module_preset=\u00a0\u00bbdefault\u00a0\u00bb][et_pb_row _builder_version=\u00a0\u00bb4.5.0&Prime; _module_preset=\u00a0\u00bbdefault\u00a0\u00bb][et_pb_column type=\u00a0\u00bb4_4&Prime; _builder_version=\u00a0\u00bb4.5.0&Prime; _module_preset=\u00a0\u00bbdefault\u00a0\u00bb][et_pb_video src=\u00a0\u00bbhttp:\/\/raichlegal.com\/wp-content\/uploads\/2020\/07\/CTV-News-Robert-Raich-Segment-Trimmed.mp4&Prime; image_src=\u00a0\u00bbhttp:\/\/raichlegal.com\/wp-content\/uploads\/2020\/07\/8Juillet2020-cover-img-video.jpg\u00a0\u00bb thumbnail_overlay_color=\u00a0\u00bbrgba(0,0,0,0.6)\u00a0\u00bb _builder_version=\u00a0\u00bb4.5.0&Prime; _module_preset=\u00a0\u00bbdefault\u00a0\u00bb width=\u00a0\u00bb80%\u00a0\u00bb max_width=\u00a0\u00bb960px\u00a0\u00bb custom_margin=\u00a0\u00bb|auto||auto|false|false\u00a0\u00bb hover_enabled=\u00a0\u00bb0&Prime; title_text=\u00a0\u00bbCTV News Robert Raich Segment Trimmed\u00a0\u00bb][\/et_pb_video][et_pb_text _builder_version=\u00a0\u00bb4.5.0&Prime; _module_preset=\u00a0\u00bbdefault\u00a0\u00bb max_width=\u00a0\u00bb960px\u00a0\u00bb custom_margin=\u00a0\u00bb|auto||auto|false|true\u00a0\u00bb]<\/p>\n<p style=\"text-align: right;\">8 juillet, 2020<\/p>\n<p>[\/et_pb_text][\/et_pb_column][\/et_pb_row][\/et_pb_section][et_pb_section fb_built=\u00a0\u00bb1&Prime; _builder_version=\u00a0\u00bb4.5.0&Prime; _module_preset=\u00a0\u00bbdefault\u00a0\u00bb][et_pb_row _builder_version=\u00a0\u00bb4.5.0&Prime; _module_preset=\u00a0\u00bbdefault\u00a0\u00bb][et_pb_column type=\u00a0\u00bb4_4&Prime; _builder_version=\u00a0\u00bb4.5.0&Prime; _module_preset=\u00a0\u00bbdefault\u00a0\u00bb][et_pb_divider show_divider=\u00a0\u00bboff\u00a0\u00bb _builder_version=\u00a0\u00bb4.5.0&Prime; _module_preset=\u00a0\u00bbdefault\u00a0\u00bb height=\u00a0\u00bb20vh\u00a0\u00bb][\/et_pb_divider][\/et_pb_column][\/et_pb_row][\/et_pb_section][et_pb_section fb_built=\u00a0\u00bb1&Prime; admin_label=\u00a0\u00bbSection contact form footer\u00a0\u00bb module_class=\u00a0\u00bbsection-contact-form-footer\u00a0\u00bb _builder_version=\u00a0\u00bb4.0.7&Prime; locked=\u00a0\u00bboff\u00a0\u00bb][et_pb_row admin_label=\u00a0\u00bbRow-fullwidth-background-image\u00a0\u00bb module_class=\u00a0\u00bbrow-fullwidth-background-image\u00a0\u00bb _builder_version=\u00a0\u00bb4.1&Prime; background_image=\u00a0\u00bbhttp:\/\/raichlegal.com\/wp-content\/uploads\/2019\/12\/istockphoto-900373616-2048&#215;2048-1.png\u00a0\u00bb width=\u00a0\u00bb100%\u00a0\u00bb][et_pb_column type=\u00a0\u00bb4_4&Prime; _builder_version=\u00a0\u00bb4.0.7&Prime;][et_pb_text admin_label=\u00a0\u00bbEmpty\u00a0\u00bb _builder_version=\u00a0\u00bb4.0.7&Prime;][\/et_pb_text][\/et_pb_column][\/et_pb_row][\/et_pb_section]<\/p>\n","protected":false},"excerpt":{"rendered":"<p>CTV &#8211; Entrevue sur le d\u00e9ficit budg\u00e9taire (anglais seulement)8 juillet, 2020<\/p>\n","protected":false},"author":3,"featured_media":0,"parent":0,"menu_order":0,"comment_status":"closed","ping_status":"closed","template":"","meta":{"_et_pb_use_builder":"on","_et_pb_old_content":"","_et_gb_content_width":"","footnotes":""},"class_list":["post-874","page","type-page","status-publish","hentry"],"yoast_head":"<!-- This site is optimized with the Yoast SEO plugin v27.3 - https:\/\/yoast.com\/product\/yoast-seo-wordpress\/ -->\n<title>CTV - Entrevue avec Robert Raich - RaichL\u00e9gal inc.<\/title>\n<meta name=\"robots\" content=\"index, follow, max-snippet:-1, max-image-preview:large, max-video-preview:-1\" \/>\n<link rel=\"canonical\" href=\"http:\/\/raichlegal.com\/fr\/ctv-entrevue-avec-robert-raich\/\" \/>\n<meta property=\"og:locale\" content=\"fr_FR\" \/>\n<meta property=\"og:type\" content=\"article\" \/>\n<meta property=\"og:title\" content=\"CTV - Entrevue avec Robert Raich - RaichL\u00e9gal inc.\" \/>\n<meta property=\"og:description\" content=\"CTV - Entrevue sur le d\u00e9ficit budg\u00e9taire (anglais seulement)8 juillet, 2020\" \/>\n<meta property=\"og:url\" content=\"http:\/\/raichlegal.com\/fr\/ctv-entrevue-avec-robert-raich\/\" \/>\n<meta property=\"og:site_name\" content=\"RaichL\u00e9gal inc.\" \/>\n<meta property=\"article:modified_time\" content=\"2020-07-20T14:08:28+00:00\" \/>\n<meta name=\"twitter:card\" content=\"summary_large_image\" \/>\n<meta name=\"twitter:label1\" content=\"Dur\u00e9e de lecture estim\u00e9e\" \/>\n\t<meta name=\"twitter:data1\" content=\"2 minutes\" \/>\n<script type=\"application\/ld+json\" class=\"yoast-schema-graph\">{\"@context\":\"https:\\\/\\\/schema.org\",\"@graph\":[{\"@type\":\"WebPage\",\"@id\":\"http:\\\/\\\/raichlegal.com\\\/fr\\\/ctv-entrevue-avec-robert-raich\\\/\",\"url\":\"http:\\\/\\\/raichlegal.com\\\/fr\\\/ctv-entrevue-avec-robert-raich\\\/\",\"name\":\"CTV - Entrevue avec Robert Raich - RaichL\u00e9gal inc.\",\"isPartOf\":{\"@id\":\"https:\\\/\\\/raichlegal.com\\\/fr\\\/#website\"},\"datePublished\":\"2020-07-15T18:26:57+00:00\",\"dateModified\":\"2020-07-20T14:08:28+00:00\",\"breadcrumb\":{\"@id\":\"http:\\\/\\\/raichlegal.com\\\/fr\\\/ctv-entrevue-avec-robert-raich\\\/#breadcrumb\"},\"inLanguage\":\"fr-FR\",\"potentialAction\":[{\"@type\":\"ReadAction\",\"target\":[\"http:\\\/\\\/raichlegal.com\\\/fr\\\/ctv-entrevue-avec-robert-raich\\\/\"]}]},{\"@type\":\"BreadcrumbList\",\"@id\":\"http:\\\/\\\/raichlegal.com\\\/fr\\\/ctv-entrevue-avec-robert-raich\\\/#breadcrumb\",\"itemListElement\":[{\"@type\":\"ListItem\",\"position\":1,\"name\":\"Home\",\"item\":\"https:\\\/\\\/raichlegal.com\\\/fr\\\/\"},{\"@type\":\"ListItem\",\"position\":2,\"name\":\"CTV &#8211; Entrevue avec Robert Raich\"}]},{\"@type\":\"WebSite\",\"@id\":\"https:\\\/\\\/raichlegal.com\\\/fr\\\/#website\",\"url\":\"https:\\\/\\\/raichlegal.com\\\/fr\\\/\",\"name\":\"RaichL\u00e9gal inc.\",\"description\":\"Droit Fiscal\",\"publisher\":{\"@id\":\"https:\\\/\\\/raichlegal.com\\\/fr\\\/#organization\"},\"potentialAction\":[{\"@type\":\"SearchAction\",\"target\":{\"@type\":\"EntryPoint\",\"urlTemplate\":\"https:\\\/\\\/raichlegal.com\\\/fr\\\/?s={search_term_string}\"},\"query-input\":{\"@type\":\"PropertyValueSpecification\",\"valueRequired\":true,\"valueName\":\"search_term_string\"}}],\"inLanguage\":\"fr-FR\"},{\"@type\":\"Organization\",\"@id\":\"https:\\\/\\\/raichlegal.com\\\/fr\\\/#organization\",\"name\":\"Raich Legal Inc.\",\"url\":\"https:\\\/\\\/raichlegal.com\\\/fr\\\/\",\"logo\":{\"@type\":\"ImageObject\",\"inLanguage\":\"fr-FR\",\"@id\":\"https:\\\/\\\/raichlegal.com\\\/fr\\\/#\\\/schema\\\/logo\\\/image\\\/\",\"url\":\"http:\\\/\\\/raichlegal.com\\\/wp-content\\\/uploads\\\/2019\\\/11\\\/raichlegal-logo-200x200.png\",\"contentUrl\":\"http:\\\/\\\/raichlegal.com\\\/wp-content\\\/uploads\\\/2019\\\/11\\\/raichlegal-logo-200x200.png\",\"width\":200,\"height\":222,\"caption\":\"Raich Legal Inc.\"},\"image\":{\"@id\":\"https:\\\/\\\/raichlegal.com\\\/fr\\\/#\\\/schema\\\/logo\\\/image\\\/\"}}]}<\/script>\n<!-- \/ Yoast SEO plugin. -->","yoast_head_json":{"title":"CTV - Entrevue avec Robert Raich - RaichL\u00e9gal inc.","robots":{"index":"index","follow":"follow","max-snippet":"max-snippet:-1","max-image-preview":"max-image-preview:large","max-video-preview":"max-video-preview:-1"},"canonical":"http:\/\/raichlegal.com\/fr\/ctv-entrevue-avec-robert-raich\/","og_locale":"fr_FR","og_type":"article","og_title":"CTV - Entrevue avec Robert Raich - RaichL\u00e9gal inc.","og_description":"CTV - Entrevue sur le d\u00e9ficit budg\u00e9taire (anglais seulement)8 juillet, 2020","og_url":"http:\/\/raichlegal.com\/fr\/ctv-entrevue-avec-robert-raich\/","og_site_name":"RaichL\u00e9gal inc.","article_modified_time":"2020-07-20T14:08:28+00:00","twitter_card":"summary_large_image","twitter_misc":{"Dur\u00e9e de lecture estim\u00e9e":"2 minutes"},"schema":{"@context":"https:\/\/schema.org","@graph":[{"@type":"WebPage","@id":"http:\/\/raichlegal.com\/fr\/ctv-entrevue-avec-robert-raich\/","url":"http:\/\/raichlegal.com\/fr\/ctv-entrevue-avec-robert-raich\/","name":"CTV - Entrevue avec Robert Raich - RaichL\u00e9gal inc.","isPartOf":{"@id":"https:\/\/raichlegal.com\/fr\/#website"},"datePublished":"2020-07-15T18:26:57+00:00","dateModified":"2020-07-20T14:08:28+00:00","breadcrumb":{"@id":"http:\/\/raichlegal.com\/fr\/ctv-entrevue-avec-robert-raich\/#breadcrumb"},"inLanguage":"fr-FR","potentialAction":[{"@type":"ReadAction","target":["http:\/\/raichlegal.com\/fr\/ctv-entrevue-avec-robert-raich\/"]}]},{"@type":"BreadcrumbList","@id":"http:\/\/raichlegal.com\/fr\/ctv-entrevue-avec-robert-raich\/#breadcrumb","itemListElement":[{"@type":"ListItem","position":1,"name":"Home","item":"https:\/\/raichlegal.com\/fr\/"},{"@type":"ListItem","position":2,"name":"CTV &#8211; Entrevue avec Robert Raich"}]},{"@type":"WebSite","@id":"https:\/\/raichlegal.com\/fr\/#website","url":"https:\/\/raichlegal.com\/fr\/","name":"RaichL\u00e9gal inc.","description":"Droit Fiscal","publisher":{"@id":"https:\/\/raichlegal.com\/fr\/#organization"},"potentialAction":[{"@type":"SearchAction","target":{"@type":"EntryPoint","urlTemplate":"https:\/\/raichlegal.com\/fr\/?s={search_term_string}"},"query-input":{"@type":"PropertyValueSpecification","valueRequired":true,"valueName":"search_term_string"}}],"inLanguage":"fr-FR"},{"@type":"Organization","@id":"https:\/\/raichlegal.com\/fr\/#organization","name":"Raich Legal Inc.","url":"https:\/\/raichlegal.com\/fr\/","logo":{"@type":"ImageObject","inLanguage":"fr-FR","@id":"https:\/\/raichlegal.com\/fr\/#\/schema\/logo\/image\/","url":"http:\/\/raichlegal.com\/wp-content\/uploads\/2019\/11\/raichlegal-logo-200x200.png","contentUrl":"http:\/\/raichlegal.com\/wp-content\/uploads\/2019\/11\/raichlegal-logo-200x200.png","width":200,"height":222,"caption":"Raich Legal Inc."},"image":{"@id":"https:\/\/raichlegal.com\/fr\/#\/schema\/logo\/image\/"}}]}},"_links":{"self":[{"href":"http:\/\/raichlegal.com\/fr\/wp-json\/wp\/v2\/pages\/874","targetHints":{"allow":["GET"]}}],"collection":[{"href":"http:\/\/raichlegal.com\/fr\/wp-json\/wp\/v2\/pages"}],"about":[{"href":"http:\/\/raichlegal.com\/fr\/wp-json\/wp\/v2\/types\/page"}],"author":[{"embeddable":true,"href":"http:\/\/raichlegal.com\/fr\/wp-json\/wp\/v2\/users\/3"}],"replies":[{"embeddable":true,"href":"http:\/\/raichlegal.com\/fr\/wp-json\/wp\/v2\/comments?post=874"}],"version-history":[{"count":3,"href":"http:\/\/raichlegal.com\/fr\/wp-json\/wp\/v2\/pages\/874\/revisions"}],"predecessor-version":[{"id":898,"href":"http:\/\/raichlegal.com\/fr\/wp-json\/wp\/v2\/pages\/874\/revisions\/898"}],"wp:attachment":[{"href":"http:\/\/raichlegal.com\/fr\/wp-json\/wp\/v2\/media?parent=874"}],"curies":[{"name":"wp","href":"https:\/\/api.w.org\/{rel}","templated":true}]}}

<p>[et_pb_section fb_built= »1&Prime; _builder_version= »4.5.0&Prime; _module_preset= »default »][et_pb_row _builder_version= »4.5.0&Prime; _module_preset= »default » custom_margin= »|auto|-3px|auto|| »][et_pb_column type= »4_4&Prime; _builder_version= »4.5.0&Prime; _module_preset= »default »][et_pb_text admin_label= »Titre &#8211; services » module_class= »row-title » _builder_version= »4.5.0&Prime; header_font= »|600||on||||| » header_text_align= »center » header_text_color= »#092e73&Prime; header_font_size= »60px » header_2_font= »|600||||||| » header_2_text_align= »center » header_2_text_color= »#051a40&Prime; header_2_font_size= »40px » min_height= »63px » custom_padding= »||2px||| »]</p>
<h2>CTV &#8211; Entrevue sur le déficit budgétaire (anglais seulement)</h2>
<p>[/et_pb_text][/et_pb_column][/et_pb_row][/et_pb_section][et_pb_section fb_built= »1&Prime; _builder_version= »4.5.0&Prime; _module_preset= »default »][et_pb_row _builder_version= »4.5.0&Prime; _module_preset= »default »][et_pb_column type= »4_4&Prime; _builder_version= »4.5.0&Prime; _module_preset= »default »][et_pb_video src= »http://raichlegal.com/wp-content/uploads/2020/07/CTV-News-Robert-Raich-Segment-Trimmed.mp4&Prime; image_src= »http://raichlegal.com/wp-content/uploads/2020/07/8Juillet2020-cover-img-video.jpg » thumbnail_overlay_color= »rgba(0,0,0,0.6) » _builder_version= »4.5.0&Prime; _module_preset= »default » width= »80% » max_width= »960px » custom_margin= »|auto||auto|false|false » hover_enabled= »0&Prime; title_text= »CTV News Robert Raich Segment Trimmed »][/et_pb_video][et_pb_text _builder_version= »4.5.0&Prime; _module_preset= »default » max_width= »960px » custom_margin= »|auto||auto|false|true »]</p>
<p style="text-align: right;">8 juillet, 2020</p>
<p>[/et_pb_text][/et_pb_column][/et_pb_row][/et_pb_section][et_pb_section fb_built= »1&Prime; _builder_version= »4.5.0&Prime; _module_preset= »default »][et_pb_row _builder_version= »4.5.0&Prime; _module_preset= »default »][et_pb_column type= »4_4&Prime; _builder_version= »4.5.0&Prime; _module_preset= »default »][et_pb_divider show_divider= »off » _builder_version= »4.5.0&Prime; _module_preset= »default » height= »20vh »][/et_pb_divider][/et_pb_column][/et_pb_row][/et_pb_section][et_pb_section fb_built= »1&Prime; admin_label= »Section contact form footer » module_class= »section-contact-form-footer » _builder_version= »4.0.7&Prime; locked= »off »][et_pb_row admin_label= »Row-fullwidth-background-image » module_class= »row-fullwidth-background-image » _builder_version= »4.1&Prime; background_image= »http://raichlegal.com/wp-content/uploads/2019/12/istockphoto-900373616-2048&#215;2048-1.png » width= »100% »][et_pb_column type= »4_4&Prime; _builder_version= »4.0.7&Prime;][et_pb_text admin_label= »Empty » _builder_version= »4.0.7&Prime;][/et_pb_text][/et_pb_column][/et_pb_row][/et_pb_section]</p>

<p>CTV &#8211; Entrevue sur le déficit budgétaire (anglais seulement)8 juillet, 2020</p>

<!-- This site is optimized with the Yoast SEO plugin v27.3 - https://yoast.com/product/yoast-seo-wordpress/ -->
<title>CTV - Entrevue avec Robert Raich - RaichLégal inc.</title>
<meta name="robots" content="index, follow, max-snippet:-1, max-image-preview:large, max-video-preview:-1" />
<link rel="canonical" href="http://raichlegal.com/fr/ctv-entrevue-avec-robert-raich/" />
<meta property="og:locale" content="fr_FR" />
<meta property="og:type" content="article" />
<meta property="og:title" content="CTV - Entrevue avec Robert Raich - RaichLégal inc." />
<meta property="og:description" content="CTV - Entrevue sur le déficit budgétaire (anglais seulement)8 juillet, 2020" />
<meta property="og:url" content="http://raichlegal.com/fr/ctv-entrevue-avec-robert-raich/" />
<meta property="og:site_name" content="RaichLégal inc." />
<meta property="article:modified_time" content="2020-07-20T14:08:28+00:00" />
<meta name="twitter:card" content="summary_large_image" />
<meta name="twitter:label1" content="Durée de lecture estimée" />
	<meta name="twitter:data1" content="2 minutes" />
<script type="application/ld+json" class="yoast-schema-graph">{"@context":"https:\/\/schema.org","@graph":[{"@type":"WebPage","@id":"http:\/\/raichlegal.com\/fr\/ctv-entrevue-avec-robert-raich\/","url":"http:\/\/raichlegal.com\/fr\/ctv-entrevue-avec-robert-raich\/","name":"CTV - Entrevue avec Robert Raich - RaichLégal inc.","isPartOf":{"@id":"https:\/\/raichlegal.com\/fr\/#website"},"datePublished":"2020-07-15T18:26:57+00:00","dateModified":"2020-07-20T14:08:28+00:00","breadcrumb":{"@id":"http:\/\/raichlegal.com\/fr\/ctv-entrevue-avec-robert-raich\/#breadcrumb"},"inLanguage":"fr-FR","potentialAction":[{"@type":"ReadAction","target":["http:\/\/raichlegal.com\/fr\/ctv-entrevue-avec-robert-raich\/"]}]},{"@type":"BreadcrumbList","@id":"http:\/\/raichlegal.com\/fr\/ctv-entrevue-avec-robert-raich\/#breadcrumb","itemListElement":[{"@type":"ListItem","position":1,"name":"Home","item":"https:\/\/raichlegal.com\/fr\/"},{"@type":"ListItem","position":2,"name":"CTV &#8211; Entrevue avec Robert Raich"}]},{"@type":"WebSite","@id":"https:\/\/raichlegal.com\/fr\/#website","url":"https:\/\/raichlegal.com\/fr\/","name":"RaichLégal inc.","description":"Droit Fiscal","publisher":{"@id":"https:\/\/raichlegal.com\/fr\/#organization"},"potentialAction":[{"@type":"SearchAction","target":{"@type":"EntryPoint","urlTemplate":"https:\/\/raichlegal.com\/fr\/?s={search_term_string}"},"query-input":{"@type":"PropertyValueSpecification","valueRequired":true,"valueName":"search_term_string"}}],"inLanguage":"fr-FR"},{"@type":"Organization","@id":"https:\/\/raichlegal.com\/fr\/#organization","name":"Raich Legal Inc.","url":"https:\/\/raichlegal.com\/fr\/","logo":{"@type":"ImageObject","inLanguage":"fr-FR","@id":"https:\/\/raichlegal.com\/fr\/#\/schema\/logo\/image\/","url":"http:\/\/raichlegal.com\/wp-content\/uploads\/2019\/11\/raichlegal-logo-200x200.png","contentUrl":"http:\/\/raichlegal.com\/wp-content\/uploads\/2019\/11\/raichlegal-logo-200x200.png","width":200,"height":222,"caption":"Raich Legal Inc."},"image":{"@id":"https:\/\/raichlegal.com\/fr\/#\/schema\/logo\/image\/"}}]}</script>
<!-- / Yoast SEO plugin. -->

CTV - Entrevue avec Robert Raich - RaichLégal inc.

CTV - Entrevue sur le déficit budgétaire (anglais seulement)8 juillet, 2020

RaichLégal inc.
